{"id":25522,"date":"2021-10-11T11:12:07","date_gmt":"2021-10-11T14:12:07","guid":{"rendered":"https:\/\/saladoempreendedor.santarosa.rs.gov.br\/?page_id=25522"},"modified":"2021-11-08T17:12:07","modified_gmt":"2021-11-08T20:12:07","slug":"formalizado-autonomo","status":"publish","type":"page","link":"https:\/\/saladoempreendedor.santarosa.rs.gov.br\/index.php\/ja-sou-formalizado\/formalizado-autonomo\/","title":{"rendered":"Sou Aut\u00f4nomo"},"content":{"rendered":"\t\t<div data-elementor-type=\"wp-page\" data-elementor-id=\"25522\" class=\"elementor elementor-25522\">\n\t\t\t\t\t\t<section class=\"elementor-section elementor-top-section elementor-element elementor-element-222e43a elementor-section-boxed elementor-section-height-default elementor-section-height-default\" data-id=\"222e43a\" data-element_type=\"section\">\n\t\t\t\t\t\t<div class=\"elementor-container elementor-column-gap-default\">\n\t\t\t\t\t<div class=\"elementor-column elementor-col-100 elementor-top-column elementor-element elementor-element-4eea663\" data-id=\"4eea663\" data-element_type=\"column\">\n\t\t\t<div class=\"elementor-widget-wrap elementor-element-populated\">\n\t\t\t\t\t\t<div class=\"elementor-element elementor-element-af15398 elementor-widget elementor-widget-spacer\" data-id=\"af15398\" data-element_type=\"widget\" data-widget_type=\"spacer.default\">\n\t\t\t\t<div class=\"elementor-widget-container\">\n\t\t\t\t\t\t\t<div class=\"elementor-spacer\">\n\t\t\t<div class=\"elementor-spacer-inner\"><\/div>\n\t\t<\/div>\n\t\t\t\t\t\t<\/div>\n\t\t\t\t<\/div>\n\t\t\t\t\t<\/div>\n\t\t<\/div>\n\t\t\t\t\t<\/div>\n\t\t<\/section>\n\t\t\t\t<section class=\"elementor-section elementor-top-section elementor-element elementor-element-0ca4dbd elementor-section-boxed elementor-section-height-default elementor-section-height-default\" data-id=\"0ca4dbd\" data-element_type=\"section\">\n\t\t\t\t\t\t<div class=\"elementor-container elementor-column-gap-default\">\n\t\t\t\t\t<div class=\"elementor-column elementor-col-100 elementor-top-column elementor-element elementor-element-6fa3179\" data-id=\"6fa3179\" data-element_type=\"column\">\n\t\t\t<div class=\"elementor-widget-wrap elementor-element-populated\">\n\t\t\t\t\t\t<div class=\"elementor-element elementor-element-f6e3792 elementor-widget elementor-widget-heading\" data-id=\"f6e3792\" data-element_type=\"widget\" data-widget_type=\"heading.default\">\n\t\t\t\t<div class=\"elementor-widget-container\">\n\t\t\t\t\t<h2 class=\"elementor-heading-title elementor-size-default\">Sou aut\u00f4nomo<\/h2>\t\t\t\t<\/div>\n\t\t\t\t<\/div>\n\t\t\t\t<div class=\"elementor-element elementor-element-24a7064 elementor-icon-list--layout-traditional elementor-list-item-link-full_width elementor-widget elementor-widget-icon-list\" data-id=\"24a7064\" data-element_type=\"widget\" data-widget_type=\"icon-list.default\">\n\t\t\t\t<div class=\"elementor-widget-container\">\n\t\t\t\t\t\t\t<ul class=\"elementor-icon-list-items\">\n\t\t\t\t\t\t\t<li class=\"elementor-icon-list-item\">\n\t\t\t\t\t\t\t\t\t\t\t<a href=\"https:\/\/santarosa.atende.net\/autoatendimento\/servicos\/acesso-ao-sistema-de-nota-fiscal-de-servico-eletronica\/detalhar\/1%20\" target=\"_blank\">\n\n\t\t\t\t\t\t\t\t\t\t\t\t<span class=\"elementor-icon-list-icon\">\n\t\t\t\t\t\t\t<i aria-hidden=\"true\" class=\"fas fa-link\"><\/i>\t\t\t\t\t\t<\/span>\n\t\t\t\t\t\t\t\t\t\t<span class=\"elementor-icon-list-text\">Sistema de emiss\u00e3o de nota fiscal<\/span>\n\t\t\t\t\t\t\t\t\t\t\t<\/a>\n\t\t\t\t\t\t\t\t\t<\/li>\n\t\t\t\t\t\t\t\t<li class=\"elementor-icon-list-item\">\n\t\t\t\t\t\t\t\t\t\t\t<a href=\"https:\/\/santarosa.atende.net\/autoatendimento\/servicos\/guias-de-iss-alvara\" target=\"_blank\">\n\n\t\t\t\t\t\t\t\t\t\t\t\t<span class=\"elementor-icon-list-icon\">\n\t\t\t\t\t\t\t<i aria-hidden=\"true\" class=\"fas fa-link\"><\/i>\t\t\t\t\t\t<\/span>\n\t\t\t\t\t\t\t\t\t\t<span class=\"elementor-icon-list-text\">Emiss\u00e3o de taxas ISS\/ISQN<\/span>\n\t\t\t\t\t\t\t\t\t\t\t<\/a>\n\t\t\t\t\t\t\t\t\t<\/li>\n\t\t\t\t\t\t\t\t<li class=\"elementor-icon-list-item\">\n\t\t\t\t\t\t\t\t\t\t\t<a href=\"https:\/\/santarosa.atende.net\/autoatendimento\/servicos\/emissao-de-processo-digital\" target=\"_blank\">\n\n\t\t\t\t\t\t\t\t\t\t\t\t<span class=\"elementor-icon-list-icon\">\n\t\t\t\t\t\t\t<i aria-hidden=\"true\" class=\"fas fa-link\"><\/i>\t\t\t\t\t\t<\/span>\n\t\t\t\t\t\t\t\t\t\t<span class=\"elementor-icon-list-text\">Solicitar altera\u00e7\u00e3o do alvar\u00e1<\/span>\n\t\t\t\t\t\t\t\t\t\t\t<\/a>\n\t\t\t\t\t\t\t\t\t<\/li>\n\t\t\t\t\t\t\t\t<li class=\"elementor-icon-list-item\">\n\t\t\t\t\t\t\t\t\t\t\t<a href=\"https:\/\/santarosa.atende.net\/autoatendimento\/servicos\/certidao-negativa-de-debitos\" target=\"_blank\">\n\n\t\t\t\t\t\t\t\t\t\t\t\t<span class=\"elementor-icon-list-icon\">\n\t\t\t\t\t\t\t<i aria-hidden=\"true\" class=\"fas fa-link\"><\/i>\t\t\t\t\t\t<\/span>\n\t\t\t\t\t\t\t\t\t\t<span class=\"elementor-icon-list-text\">Certid\u00e3o Negativa Municipal<\/span>\n\t\t\t\t\t\t\t\t\t\t\t<\/a>\n\t\t\t\t\t\t\t\t\t<\/li>\n\t\t\t\t\t\t\t\t<li class=\"elementor-icon-list-item\">\n\t\t\t\t\t\t\t\t\t\t\t<a href=\"https:\/\/santarosa.atende.net\/autoatendimento\/servicos\/e-solicitar-alvara-de-localizacao-e-funcionamento\/detalhar\/1\" target=\"_blank\">\n\n\t\t\t\t\t\t\t\t\t\t\t\t<span class=\"elementor-icon-list-icon\">\n\t\t\t\t\t\t\t<i aria-hidden=\"true\" class=\"fas fa-link\"><\/i>\t\t\t\t\t\t<\/span>\n\t\t\t\t\t\t\t\t\t\t<span class=\"elementor-icon-list-text\">Solicita\u00e7\u00e3o Altera\u00e7\u00e3o de Alvar\u00e1 de Funcionamento<\/span>\n\t\t\t\t\t\t\t\t\t\t\t<\/a>\n\t\t\t\t\t\t\t\t\t<\/li>\n\t\t\t\t\t\t<\/ul>\n\t\t\t\t\t\t<\/div>\n\t\t\t\t<\/div>\n\t\t\t\t\t<\/div>\n\t\t<\/div>\n\t\t\t\t\t<\/div>\n\t\t<\/section>\n\t\t\t\t<\/div>\n\t\t","protected":false},"excerpt":{"rendered":"<p>Sou aut\u00f4nomo Sistema de emiss\u00e3o de nota fiscal Emiss\u00e3o de taxas ISS\/ISQN Solicitar altera\u00e7\u00e3o do alvar\u00e1 Certid\u00e3o Negativa Municipal Solicita\u00e7\u00e3o Altera\u00e7\u00e3o de Alvar\u00e1 de Funcionamento<\/p>\n","protected":false},"author":1,"featured_media":0,"parent":25161,"menu_order":0,"comment_status":"closed","ping_status":"closed","template":"","meta":{"_uag_custom_page_level_css":"","site-sidebar-layout":"no-sidebar","site-content-layout":"page-builder","ast-main-header-display":"","ast-hfb-above-header-display":"","ast-hfb-mobile-header-display":"","site-post-title":"disabled","ast-breadcrumbs-content":"","ast-featured-img":"disabled","footer-sml-layout":"","theme-transparent-header-meta":"default","adv-header-id-meta":"","stick-header-meta":"","header-above-stick-meta":"","header-main-stick-meta":"","header-below-stick-meta":"","footnotes":""},"class_list":["post-25522","page","type-page","status-publish","hentry"],"uagb_featured_image_src":{"full":false,"thumbnail":false,"medium":false,"medium_large":false,"large":false,"1536x1536":false,"2048x2048":false,"woocommerce_thumbnail":false,"woocommerce_single":false,"woocommerce_gallery_thumbnail":false},"uagb_author_info":{"display_name":"admin","author_link":"https:\/\/saladoempreendedor.santarosa.rs.gov.br\/index.php\/author\/admin\/"},"uagb_comment_info":0,"uagb_excerpt":"Sou aut\u00f4nomo Sistema de emiss\u00e3o de nota fiscal Emiss\u00e3o de taxas ISS\/ISQN Solicitar altera\u00e7\u00e3o do alvar\u00e1 Certid\u00e3o Negativa Municipal Solicita\u00e7\u00e3o Altera\u00e7\u00e3o de Alvar\u00e1 de Funcionamento","_links":{"self":[{"href":"https:\/\/saladoempreendedor.santarosa.rs.gov.br\/index.php\/wp-json\/wp\/v2\/pages\/25522","targetHints":{"allow":["GET"]}}],"collection":[{"href":"https:\/\/saladoempreendedor.santarosa.rs.gov.br\/index.php\/wp-json\/wp\/v2\/pages"}],"about":[{"href":"https:\/\/saladoempreendedor.santarosa.rs.gov.br\/index.php\/wp-json\/wp\/v2\/types\/page"}],"author":[{"embeddable":true,"href":"https:\/\/saladoempreendedor.santarosa.rs.gov.br\/index.php\/wp-json\/wp\/v2\/users\/1"}],"replies":[{"embeddable":true,"href":"https:\/\/saladoempreendedor.santarosa.rs.gov.br\/index.php\/wp-json\/wp\/v2\/comments?post=25522"}],"version-history":[{"count":15,"href":"https:\/\/saladoempreendedor.santarosa.rs.gov.br\/index.php\/wp-json\/wp\/v2\/pages\/25522\/revisions"}],"predecessor-version":[{"id":26732,"href":"https:\/\/saladoempreendedor.santarosa.rs.gov.br\/index.php\/wp-json\/wp\/v2\/pages\/25522\/revisions\/26732"}],"up":[{"embeddable":true,"href":"https:\/\/saladoempreendedor.santarosa.rs.gov.br\/index.php\/wp-json\/wp\/v2\/pages\/25161"}],"wp:attachment":[{"href":"https:\/\/saladoempreendedor.santarosa.rs.gov.br\/index.php\/wp-json\/wp\/v2\/media?parent=25522"}],"curies":[{"name":"wp","href":"https:\/\/api.w.org\/{rel}","templated":true}]}}

Sou Autônomo

<div data-elementor-type="wp-page" data-elementor-id="25522" class="elementor elementor-25522">
						<section class="elementor-section elementor-top-section elementor-element elementor-element-222e43a elementor-section-boxed elementor-section-height-default elementor-section-height-default" data-id="222e43a" data-element_type="section">
						<div class="elementor-container elementor-column-gap-default">
					<div class="elementor-column elementor-col-100 elementor-top-column elementor-element elementor-element-4eea663" data-id="4eea663" data-element_type="column">
			<div class="elementor-widget-wrap elementor-element-populated">
						<div class="elementor-element elementor-element-af15398 elementor-widget elementor-widget-spacer" data-id="af15398" data-element_type="widget" data-widget_type="spacer.default">
				<div class="elementor-widget-container">
							<div class="elementor-spacer">
			<div class="elementor-spacer-inner"></div>
		</div>
						</div>
				</div>
					</div>
		</div>
					</div>
		</section>
				<section class="elementor-section elementor-top-section elementor-element elementor-element-0ca4dbd elementor-section-boxed elementor-section-height-default elementor-section-height-default" data-id="0ca4dbd" data-element_type="section">
						<div class="elementor-container elementor-column-gap-default">
					<div class="elementor-column elementor-col-100 elementor-top-column elementor-element elementor-element-6fa3179" data-id="6fa3179" data-element_type="column">
			<div class="elementor-widget-wrap elementor-element-populated">
						<div class="elementor-element elementor-element-f6e3792 elementor-widget elementor-widget-heading" data-id="f6e3792" data-element_type="widget" data-widget_type="heading.default">
				<div class="elementor-widget-container">
					<h2 class="elementor-heading-title elementor-size-default">Sou autônomo</h2>				</div>
				</div>
				<div class="elementor-element elementor-element-24a7064 elementor-icon-list--layout-traditional elementor-list-item-link-full_width elementor-widget elementor-widget-icon-list" data-id="24a7064" data-element_type="widget" data-widget_type="icon-list.default">
				<div class="elementor-widget-container">
							<ul class="elementor-icon-list-items">
							<li class="elementor-icon-list-item">
											<a href="https://santarosa.atende.net/autoatendimento/servicos/acesso-ao-sistema-de-nota-fiscal-de-servico-eletronica/detalhar/1%20" target="_blank">

												<span class="elementor-icon-list-icon">
							<i aria-hidden="true" class="fas fa-link"></i>						</span>
										<span class="elementor-icon-list-text">Sistema de emissão de nota fiscal</span>
											</a>
									</li>
								<li class="elementor-icon-list-item">
											<a href="https://santarosa.atende.net/autoatendimento/servicos/guias-de-iss-alvara" target="_blank">

												<span class="elementor-icon-list-icon">
							<i aria-hidden="true" class="fas fa-link"></i>						</span>
										<span class="elementor-icon-list-text">Emissão de taxas ISS/ISQN</span>
											</a>
									</li>
								<li class="elementor-icon-list-item">
											<a href="https://santarosa.atende.net/autoatendimento/servicos/emissao-de-processo-digital" target="_blank">

												<span class="elementor-icon-list-icon">
							<i aria-hidden="true" class="fas fa-link"></i>						</span>
										<span class="elementor-icon-list-text">Solicitar alteração do alvará</span>
											</a>
									</li>
								<li class="elementor-icon-list-item">
											<a href="https://santarosa.atende.net/autoatendimento/servicos/certidao-negativa-de-debitos" target="_blank">

												<span class="elementor-icon-list-icon">
							<i aria-hidden="true" class="fas fa-link"></i>						</span>
										<span class="elementor-icon-list-text">Certidão Negativa Municipal</span>
											</a>
									</li>
								<li class="elementor-icon-list-item">
											<a href="https://santarosa.atende.net/autoatendimento/servicos/e-solicitar-alvara-de-localizacao-e-funcionamento/detalhar/1" target="_blank">

												<span class="elementor-icon-list-icon">
							<i aria-hidden="true" class="fas fa-link"></i>						</span>
										<span class="elementor-icon-list-text">Solicitação Alteração de Alvará de Funcionamento</span>
											</a>
									</li>
						</ul>
						</div>
				</div>
					</div>
		</div>
					</div>
		</section>
				</div>

<p>Sou autônomo Sistema de emissão de nota fiscal Emissão de taxas ISS/ISQN Solicitar alteração do alvará Certidão Negativa Municipal Solicitação Alteração de Alvará de Funcionamento</p>

Sou autônomo Sistema de emissão de nota fiscal Emissão de taxas ISS/ISQN Solicitar alteração do alvará Certidão Negativa Municipal Solicitação Alteração de Alvará de Funcionamento
